{"id":597,"date":"2023-05-14T07:25:41","date_gmt":"2023-05-14T07:25:41","guid":{"rendered":"https:\/\/themeholy.com\/wordpress\/ruffer\/?page_id=597"},"modified":"2024-02-13T09:18:02","modified_gmt":"2024-02-13T08:18:02","slug":"lentreprise","status":"publish","type":"page","link":"https:\/\/laguillon.fr\/siteweb\/lentreprise\/","title":{"rendered":"L&#8217;Entreprise"},"content":{"rendered":"\t\t<div data-elementor-type=\"wp-page\" data-elementor-id=\"597\" class=\"elementor elementor-597\">\n\t\t\t\t\t\t<section class=\"elementor-section elementor-top-section elementor-element elementor-element-58a38d1 elementor-section-boxed elementor-section-height-default elementor-section-height-default\" data-id=\"58a38d1\" data-element_type=\"section\" data-e-type=\"section\">\n\t\t\t\t\t\t<div class=\"elementor-container elementor-column-gap-no\">\n\t\t\t\t\t<div class=\"elementor-column elementor-col-100 elementor-top-column elementor-element elementor-element-9c59e0f\" data-id=\"9c59e0f\" data-element_type=\"column\" data-e-type=\"column\">\n\t\t\t<div class=\"elementor-widget-wrap elementor-element-populated\">\n\t\t\t\t\t\t<section class=\"elementor-section elementor-inner-section elementor-element elementor-element-bccff7f elementor-section-full_width elementor-section-height-default elementor-section-height-default\" data-id=\"bccff7f\" data-element_type=\"section\" data-e-type=\"section\">\n\t\t\t\t\t\t<div class=\"elementor-container elementor-column-gap-no\">\n\t\t\t\t\t<div class=\"elementor-column elementor-col-50 elementor-inner-column elementor-element elementor-element-571dd9e\" data-id=\"571dd9e\" data-element_type=\"column\" data-e-type=\"column\">\n\t\t\t<div class=\"elementor-widget-wrap elementor-element-populated\">\n\t\t\t\t\t\t<div class=\"elementor-element elementor-element-85bfe92 elementor-widget elementor-widget-image\" data-id=\"85bfe92\" data-element_type=\"widget\" data-e-type=\"widget\" data-widget_type=\"image.default\">\n\t\t\t\t<div class=\"elementor-widget-container\">\n\t\t\t\t\t\t\t\t\t\t\t\t\t\t\t<img fetchpriority=\"high\" decoding=\"async\" width=\"403\" height=\"213\" src=\"https:\/\/laguillon.fr\/siteweb\/wp-content\/uploads\/2023\/12\/equipe.jpg\" class=\"attachment-full size-full wp-image-3417\" alt=\"\" srcset=\"https:\/\/laguillon.fr\/siteweb\/wp-content\/uploads\/2023\/12\/equipe.jpg 403w, https:\/\/laguillon.fr\/siteweb\/wp-content\/uploads\/2023\/12\/equipe-300x159.jpg 300w\" sizes=\"(max-width: 403px) 100vw, 403px\" \/>\t\t\t\t\t\t\t\t\t\t\t\t\t\t\t<\/div>\n\t\t\t\t<\/div>\n\t\t\t\t<div class=\"elementor-element elementor-element-bfede30 elementor-widget elementor-widget-text-editor\" data-id=\"bfede30\" data-element_type=\"widget\" data-e-type=\"widget\" data-widget_type=\"text-editor.default\">\n\t\t\t\t<div class=\"elementor-widget-container\">\n\t\t\t\t\t\t\t\t\t<h4>\u00a0<\/h4><h4 class=\"fw-extrabold\">Nos secteurs d&#8217;activit\u00e9s<\/h4><p>Nos domaines d\u2019activit\u00e9s vont de la ma\u00e7onnerie traditionnelle \u00e0 la r\u00e9novation du b\u00e2ti ancien en passant par la r\u00e9fection de couverture, le terrassement et l\u2019assainissement individuel.<\/p><p>Nous avons \u00e9galement une \u00e9quipe de fa\u00e7adiers sp\u00e9cialis\u00e9e dans les pierres apparentes, pierres vues mais aussi l\u2019enduit dit monocouche pour les constructions neuves.<\/p><p>Autre activit\u00e9 li\u00e9 au terrassement, les travaux fun\u00e9raires.<\/p><p>Enfin, depuis quelques ann\u00e9es nous avons \u00e9largi notre domaine d\u2019activit\u00e9s pour la r\u00e9alisation de b\u00e2timent photovolta\u00efques partie ma\u00e7onnerie et terrassement.<\/p><p>Notre \u00e9quipe se compose de 9 salari\u00e9s et avons toujours mis un point d\u2019honneur \u00e0 former des apprentis.<\/p>\t\t\t\t\t\t\t\t<\/div>\n\t\t\t\t<\/div>\n\t\t\t\t\t<\/div>\n\t\t<\/div>\n\t\t\t\t<div class=\"elementor-column elementor-col-50 elementor-inner-column elementor-element elementor-element-ae634c4 team-details-wrap\" data-id=\"ae634c4\" data-element_type=\"column\" data-e-type=\"column\">\n\t\t\t<div class=\"elementor-widget-wrap elementor-element-populated\">\n\t\t\t\t\t\t<div class=\"elementor-element elementor-element-55ae878 elementor-widget elementor-widget-text-editor\" data-id=\"55ae878\" data-element_type=\"widget\" data-e-type=\"widget\" data-widget_type=\"text-editor.default\">\n\t\t\t\t<div class=\"elementor-widget-container\">\n\t\t\t\t\t\t\t\t\t<h4 class=\"fw-extrabold\">Une histoire de famille<\/h4><p>Depuis le 1<sup>er<\/sup>\u00a0janvier 2022, <strong>La\u00ebtitia LAGUILLON<\/strong> a repris l\u2019entreprise familiale cr\u00e9\u00e9e en 1989 par <strong>Patrick et Jean Marc LAGUILLON<\/strong>, deux fr\u00e8res passionn\u00e9s.<\/p><p>Localis\u00e9e en Dordogne \u00e0 la limite Charente sur la commune de St Paul Lizonne, notre entreprise de BTP compte aujourd\u2019hui 9 salari\u00e9s.<\/p>\t\t\t\t\t\t\t\t<\/div>\n\t\t\t\t<\/div>\n\t\t\t\t<div class=\"elementor-element elementor-element-8d52948 elementor-widget elementor-widget-image\" data-id=\"8d52948\" data-element_type=\"widget\" data-e-type=\"widget\" data-widget_type=\"image.default\">\n\t\t\t\t<div class=\"elementor-widget-container\">\n\t\t\t\t\t\t\t\t\t\t\t\t\t\t\t<img decoding=\"async\" width=\"849\" height=\"566\" src=\"https:\/\/laguillon.fr\/siteweb\/wp-content\/uploads\/2023\/12\/equipemax.jpg\" class=\"attachment-full size-full wp-image-3418\" alt=\"\" srcset=\"https:\/\/laguillon.fr\/siteweb\/wp-content\/uploads\/2023\/12\/equipemax.jpg 849w, https:\/\/laguillon.fr\/siteweb\/wp-content\/uploads\/2023\/12\/equipemax-300x200.jpg 300w, https:\/\/laguillon.fr\/siteweb\/wp-content\/uploads\/2023\/12\/equipemax-768x512.jpg 768w, https:\/\/laguillon.fr\/siteweb\/wp-content\/uploads\/2023\/12\/equipemax-600x400.jpg 600w\" sizes=\"(max-width: 849px) 100vw, 849px\" \/>\t\t\t\t\t\t\t\t\t\t\t\t\t\t\t<\/div>\n\t\t\t\t<\/div>\n\t\t\t\t\t<\/div>\n\t\t<\/div>\n\t\t\t\t\t<\/div>\n\t\t<\/section>\n\t\t\t\t<section class=\"elementor-section elementor-inner-section elementor-element elementor-element-b1af986 elementor-section-full_width elementor-section-height-default elementor-section-height-default\" data-id=\"b1af986\" data-element_type=\"section\" data-e-type=\"section\">\n\t\t\t\t\t\t<div class=\"elementor-container elementor-column-gap-no\">\n\t\t\t\t\t<div class=\"elementor-column elementor-col-50 elementor-inner-column elementor-element elementor-element-3f2e9e1\" data-id=\"3f2e9e1\" data-element_type=\"column\" data-e-type=\"column\">\n\t\t\t<div class=\"elementor-widget-wrap elementor-element-populated\">\n\t\t\t\t\t\t<div class=\"elementor-element elementor-element-d2ee0dc elementor-widget elementor-widget-image\" data-id=\"d2ee0dc\" data-element_type=\"widget\" data-e-type=\"widget\" data-widget_type=\"image.default\">\n\t\t\t\t<div class=\"elementor-widget-container\">\n\t\t\t\t\t\t\t\t\t\t\t\t\t\t\t<img decoding=\"async\" width=\"1707\" height=\"2560\" src=\"https:\/\/laguillon.fr\/siteweb\/wp-content\/uploads\/2023\/12\/DSC_1959-scaled.jpg\" class=\"attachment-full size-full wp-image-3266\" alt=\"\" srcset=\"https:\/\/laguillon.fr\/siteweb\/wp-content\/uploads\/2023\/12\/DSC_1959-scaled.jpg 1707w, https:\/\/laguillon.fr\/siteweb\/wp-content\/uploads\/2023\/12\/DSC_1959-scaled-600x900.jpg 600w, https:\/\/laguillon.fr\/siteweb\/wp-content\/uploads\/2023\/12\/DSC_1959-200x300.jpg 200w, https:\/\/laguillon.fr\/siteweb\/wp-content\/uploads\/2023\/12\/DSC_1959-683x1024.jpg 683w, https:\/\/laguillon.fr\/siteweb\/wp-content\/uploads\/2023\/12\/DSC_1959-768x1152.jpg 768w, https:\/\/laguillon.fr\/siteweb\/wp-content\/uploads\/2023\/12\/DSC_1959-1024x1536.jpg 1024w, https:\/\/laguillon.fr\/siteweb\/wp-content\/uploads\/2023\/12\/DSC_1959-1365x2048.jpg 1365w\" sizes=\"(max-width: 1707px) 100vw, 1707px\" \/>\t\t\t\t\t\t\t\t\t\t\t\t\t\t\t<\/div>\n\t\t\t\t<\/div>\n\t\t\t\t\t<\/div>\n\t\t<\/div>\n\t\t\t\t<div class=\"elementor-column elementor-col-50 elementor-inner-column elementor-element elementor-element-c1a556a\" data-id=\"c1a556a\" data-element_type=\"column\" data-e-type=\"column\">\n\t\t\t<div class=\"elementor-widget-wrap elementor-element-populated\">\n\t\t\t\t\t\t<div class=\"elementor-element elementor-element-51863d2 elementor-widget elementor-widget-text-editor\" data-id=\"51863d2\" data-element_type=\"widget\" data-e-type=\"widget\" data-widget_type=\"text-editor.default\">\n\t\t\t\t<div class=\"elementor-widget-container\">\n\t\t\t\t\t\t\t\t\t<h4><strong>Gr\u00e2ce \u00e0 nos exp\u00e9riences, nous pouvons vous proposer des solutions compl\u00e8tes et innovantes.<\/strong><\/h4><p>1\u00e8re entreprise de Dordogne \u00e0 avoir utilis\u00e9 la brique dite \u00ab Monomur \u00bb (les plus performantes en terre d\u2019isolation).<\/p><p>Autres atouts importants, nous travaillons en partenariat avec des entreprises locales afin de r\u00e9pondre \u00e0 une solution cl\u00e9 en main. <strong>(Charpente, Menuiserie, Electricit\u00e9, Plomberie, Carrelage, Plaquiste, Peintre etc&#8230;)<\/strong><\/p><p>Gage de s\u00e9rieux pour notre client\u00e8le particuli\u00e8re.<\/p><p>Nous mettons en point d\u2019honneur \u00e0 travailler avec des produits locaux tel que la chaux de St Astier pour les enduits et les pierres de taille avec la carri\u00e8re Constant de Paussac et St Vivien et Gauhtier de Marthon.<\/p><p>Dans un contexte \u00e9conomique difficile entre forte hausse des prix et p\u00e9nurie de main d\u2019\u0153uvre et mat\u00e9riaux, notre structure a su maintenir son activit\u00e9 et a vu son chiffre d\u2019affaire progresser de 20 % entre 2022 et 2021.\u00a0<strong>Le travail d\u2019\u00e9quipe, le go\u00fbt du m\u00e9tier, le dynamisme<\/strong>\u00a0sont autant d\u2019atouts qui font la richesse de notre structure.<\/p><p>Titulaire d\u2019une formation Adjoint Etude et Chantier, d\u2019un BTS Assistante de Gestion et d\u2019une exp\u00e9rience de 12 ans dans le b\u00e2timent, la nouvelle Cheffe d\u2019entreprise se lance dans l\u2019aventure.<\/p>\t\t\t\t\t\t\t\t<\/div>\n\t\t\t\t<\/div>\n\t\t\t\t\t<\/div>\n\t\t<\/div>\n\t\t\t\t\t<\/div>\n\t\t<\/section>\n\t\t\t\t<div class=\"elementor-element elementor-element-b0a352c elementor-widget elementor-widget-heading\" data-id=\"b0a352c\" data-element_type=\"widget\" data-e-type=\"widget\" data-widget_type=\"heading.default\">\n\t\t\t\t<div class=\"elementor-widget-container\">\n\t\t\t\t\t<h4 class=\"elementor-heading-title elementor-size-default\">L'entreprise participe \u00e9galement \u00e0 des dons ou \u0153uvre de charit\u00e9 :<\/h4>\t\t\t\t<\/div>\n\t\t\t\t<\/div>\n\t\t\t\t<div class=\"elementor-element elementor-element-d510cfb elementor-widget elementor-widget-text-editor\" data-id=\"d510cfb\" data-element_type=\"widget\" data-e-type=\"widget\" data-widget_type=\"text-editor.default\">\n\t\t\t\t<div class=\"elementor-widget-container\">\n\t\t\t\t\t\t\t\t\t<p style=\"text-align: left;\">&#8211; Participation \u00e0 l&#8217;emploi de travailleurs handicap\u00e9s avec l&#8217;association <strong>APEI ST AMOND MONTROND qui font travaill\u00e9s pr\u00e8s de 180 personnes<\/strong> en situation de handicap,<br \/>&#8211; Dons \u00e0 des club sportifs locaux <strong>St Paul \/ St S\u00e9verin \/ Verteillac<\/strong>,<br \/>&#8211; Dons \u00e0 <strong>la ligue du cancer<\/strong>,<br \/>&#8211; Dons association de la foul\u00e9e de Lorine.<\/p>\t\t\t\t\t\t\t\t<\/div>\n\t\t\t\t<\/div>\n\t\t\t\t<section class=\"elementor-section elementor-inner-section elementor-element elementor-element-e493d56 elementor-section-full_width elementor-section-height-default elementor-section-height-default\" data-id=\"e493d56\" data-element_type=\"section\" data-e-type=\"section\">\n\t\t\t\t\t\t<div class=\"elementor-container elementor-column-gap-no\">\n\t\t\t\t\t<div class=\"elementor-column elementor-col-100 elementor-inner-column elementor-element elementor-element-87a9eca\" data-id=\"87a9eca\" data-element_type=\"column\" data-e-type=\"column\">\n\t\t\t<div class=\"elementor-widget-wrap elementor-element-populated\">\n\t\t\t\t\t\t<div class=\"elementor-element elementor-element-e54a0b0 elementor-widget elementor-widget-heading\" data-id=\"e54a0b0\" data-element_type=\"widget\" data-e-type=\"widget\" data-widget_type=\"heading.default\">\n\t\t\t\t<div class=\"elementor-widget-container\">\n\t\t\t\t\t<h4 class=\"elementor-heading-title elementor-size-default\">Les titres et concours obtenus :<\/h4>\t\t\t\t<\/div>\n\t\t\t\t<\/div>\n\t\t\t\t<div class=\"elementor-element elementor-element-e2bb270 elementor-widget elementor-widget-rufferservice\" data-id=\"e2bb270\" data-element_type=\"widget\" data-e-type=\"widget\" data-widget_type=\"rufferservice.default\">\n\t\t\t\t<div class=\"elementor-widget-container\">\n\t\t\t\t\t<div class=\"row slider-shadow th-carousel\" data-slide-show=\"3\" data-lg-slide-show=\"3\" data-md-slide-show=\"2\" data-sm-slide-show=\"1\"><div class=\"col-md-6 col-xl-4\"><div class=\"service-card\"><div class=\"service-content\"><div class=\"shape-icon\"><img decoding=\"async\" src=\"https:\/\/laguillon.fr\/siteweb\/wp-content\/uploads\/2023\/05\/award.png\" alt=\"Icon\"><\/div><h3 class=\"box-title\"><a href=\"\">Laur\u00e9ate 2022 Cat\u00e9gorie chef d&#039;entreprise<\/a><\/h3><\/div><\/div><\/div><div class=\"col-md-6 col-xl-4\"><div class=\"service-card\"><div class=\"service-content\"><div class=\"shape-icon\"><img decoding=\"async\" src=\"https:\/\/laguillon.fr\/siteweb\/wp-content\/uploads\/2023\/05\/award.png\" alt=\"Icon\"><\/div><h3 class=\"box-title\"><a href=\"\">Prix de l&#039;excellence artisanale 2022<\/a><\/h3><\/div><\/div><\/div><div class=\"col-md-6 col-xl-4\"><div class=\"service-card\"><div class=\"service-content\"><div class=\"shape-icon\"><img decoding=\"async\" src=\"https:\/\/laguillon.fr\/siteweb\/wp-content\/uploads\/2023\/05\/award.png\" alt=\"Icon\"><\/div><h3 class=\"box-title\"><a href=\"\">Troph\u00e9e des Stars des M\u00e9tiers 2014<\/a><\/h3><\/div><\/div><\/div><div class=\"col-md-6 col-xl-4\"><div class=\"service-card\"><div class=\"service-content\"><div class=\"shape-icon\"><img decoding=\"async\" src=\"https:\/\/laguillon.fr\/siteweb\/wp-content\/uploads\/2023\/05\/award.png\" alt=\"Icon\"><\/div><h3 class=\"box-title\"><a href=\"\">Ma\u00eetre Artisan en 2005<\/a><\/h3><\/div><\/div><\/div><\/div>\t\t\t\t<\/div>\n\t\t\t\t<\/div>\n\t\t\t\t\t<\/div>\n\t\t<\/div>\n\t\t\t\t\t<\/div>\n\t\t<\/section>\n\t\t\t\t<section class=\"elementor-section elementor-inner-section elementor-element elementor-element-1db2874 elementor-section-full_width elementor-section-height-default elementor-section-height-default\" data-id=\"1db2874\" data-element_type=\"section\" data-e-type=\"section\">\n\t\t\t\t\t\t<div class=\"elementor-container elementor-column-gap-no\">\n\t\t\t\t\t<div class=\"elementor-column elementor-col-33 elementor-inner-column elementor-element elementor-element-d22cd06\" data-id=\"d22cd06\" data-element_type=\"column\" data-e-type=\"column\">\n\t\t\t<div class=\"elementor-widget-wrap elementor-element-populated\">\n\t\t\t\t\t\t<div class=\"elementor-element elementor-element-2c029e3 elementor-widget elementor-widget-image\" data-id=\"2c029e3\" data-element_type=\"widget\" data-e-type=\"widget\" data-widget_type=\"image.default\">\n\t\t\t\t<div class=\"elementor-widget-container\">\n\t\t\t\t\t\t\t\t\t\t\t\t\t\t\t<img loading=\"lazy\" decoding=\"async\" width=\"751\" height=\"563\" src=\"https:\/\/laguillon.fr\/siteweb\/wp-content\/uploads\/2024\/01\/IMG_4642-1024x768.jpg\" class=\"attachment-large size-large wp-image-4151\" alt=\"\" srcset=\"https:\/\/laguillon.fr\/siteweb\/wp-content\/uploads\/2024\/01\/IMG_4642-1024x768.jpg 1024w, https:\/\/laguillon.fr\/siteweb\/wp-content\/uploads\/2024\/01\/IMG_4642-300x225.jpg 300w, https:\/\/laguillon.fr\/siteweb\/wp-content\/uploads\/2024\/01\/IMG_4642-768x576.jpg 768w, https:\/\/laguillon.fr\/siteweb\/wp-content\/uploads\/2024\/01\/IMG_4642-1536x1152.jpg 1536w, https:\/\/laguillon.fr\/siteweb\/wp-content\/uploads\/2024\/01\/IMG_4642.jpg 2016w\" sizes=\"(max-width: 751px) 100vw, 751px\" \/>\t\t\t\t\t\t\t\t\t\t\t\t\t\t\t<\/div>\n\t\t\t\t<\/div>\n\t\t\t\t\t<\/div>\n\t\t<\/div>\n\t\t\t\t<div class=\"elementor-column elementor-col-33 elementor-inner-column elementor-element elementor-element-40a30a7\" data-id=\"40a30a7\" data-element_type=\"column\" data-e-type=\"column\">\n\t\t\t<div class=\"elementor-widget-wrap elementor-element-populated\">\n\t\t\t\t\t\t<div class=\"elementor-element elementor-element-a340676 elementor-widget elementor-widget-image\" data-id=\"a340676\" data-element_type=\"widget\" data-e-type=\"widget\" data-widget_type=\"image.default\">\n\t\t\t\t<div class=\"elementor-widget-container\">\n\t\t\t\t\t\t\t\t\t\t\t\t\t\t\t<img loading=\"lazy\" decoding=\"async\" width=\"751\" height=\"1001\" src=\"https:\/\/laguillon.fr\/siteweb\/wp-content\/uploads\/2024\/01\/IMG_4640-768x1024.jpg\" class=\"attachment-large size-large wp-image-4152\" alt=\"\" srcset=\"https:\/\/laguillon.fr\/siteweb\/wp-content\/uploads\/2024\/01\/IMG_4640-768x1024.jpg 768w, https:\/\/laguillon.fr\/siteweb\/wp-content\/uploads\/2024\/01\/IMG_4640-225x300.jpg 225w, https:\/\/laguillon.fr\/siteweb\/wp-content\/uploads\/2024\/01\/IMG_4640-1152x1536.jpg 1152w, https:\/\/laguillon.fr\/siteweb\/wp-content\/uploads\/2024\/01\/IMG_4640-rotated.jpg 1512w\" sizes=\"(max-width: 751px) 100vw, 751px\" \/>\t\t\t\t\t\t\t\t\t\t\t\t\t\t\t<\/div>\n\t\t\t\t<\/div>\n\t\t\t\t\t<\/div>\n\t\t<\/div>\n\t\t\t\t<div class=\"elementor-column elementor-col-33 elementor-inner-column elementor-element elementor-element-0191e25\" data-id=\"0191e25\" data-element_type=\"column\" data-e-type=\"column\">\n\t\t\t<div class=\"elementor-widget-wrap elementor-element-populated\">\n\t\t\t\t\t\t<div class=\"elementor-element elementor-element-f8a7f8e elementor-widget elementor-widget-image\" data-id=\"f8a7f8e\" data-element_type=\"widget\" data-e-type=\"widget\" data-widget_type=\"image.default\">\n\t\t\t\t<div class=\"elementor-widget-container\">\n\t\t\t\t\t\t\t\t\t\t\t\t\t\t\t<img loading=\"lazy\" decoding=\"async\" width=\"751\" height=\"563\" src=\"https:\/\/laguillon.fr\/siteweb\/wp-content\/uploads\/2024\/01\/IMG_4641-1024x768.jpg\" class=\"attachment-large size-large wp-image-4153\" alt=\"\" srcset=\"https:\/\/laguillon.fr\/siteweb\/wp-content\/uploads\/2024\/01\/IMG_4641-1024x768.jpg 1024w, https:\/\/laguillon.fr\/siteweb\/wp-content\/uploads\/2024\/01\/IMG_4641-300x225.jpg 300w, https:\/\/laguillon.fr\/siteweb\/wp-content\/uploads\/2024\/01\/IMG_4641-768x576.jpg 768w, https:\/\/laguillon.fr\/siteweb\/wp-content\/uploads\/2024\/01\/IMG_4641-1536x1152.jpg 1536w, https:\/\/laguillon.fr\/siteweb\/wp-content\/uploads\/2024\/01\/IMG_4641.jpg 2016w\" sizes=\"(max-width: 751px) 100vw, 751px\" \/>\t\t\t\t\t\t\t\t\t\t\t\t\t\t\t<\/div>\n\t\t\t\t<\/div>\n\t\t\t\t\t<\/div>\n\t\t<\/div>\n\t\t\t\t\t<\/div>\n\t\t<\/section>\n\t\t\t\t<section class=\"elementor-section elementor-inner-section elementor-element elementor-element-6dc022b elementor-section-full_width elementor-section-height-default elementor-section-height-default\" data-id=\"6dc022b\" data-element_type=\"section\" data-e-type=\"section\">\n\t\t\t\t\t\t<div class=\"elementor-container elementor-column-gap-no\">\n\t\t\t\t\t<div class=\"elementor-column elementor-col-50 elementor-inner-column elementor-element elementor-element-dba8bbd\" data-id=\"dba8bbd\" data-element_type=\"column\" data-e-type=\"column\">\n\t\t\t<div class=\"elementor-widget-wrap elementor-element-populated\">\n\t\t\t\t\t\t<div class=\"elementor-element elementor-element-a7e4e62 elementor-widget elementor-widget-text-editor\" data-id=\"a7e4e62\" data-element_type=\"widget\" data-e-type=\"widget\" data-widget_type=\"text-editor.default\">\n\t\t\t\t<div class=\"elementor-widget-container\">\n\t\t\t\t\t\t\t\t\t<h4><strong>Mat\u00e9riels :<\/strong><\/h4><p>Nous poss\u00e9dons une flotte de v\u00e9hicules utilitaires (fourgons, 3T500 bennes ) ainsi qu\u2019un SCANNIA poly-benne. Egalement, nous sommes pourvus\u00a0de :<\/p><ul><li><strong>1 Grue \u00e0 tour Potain,<\/strong><\/li><li><strong>2 T\u00e9l\u00e9scopiques Manitou<\/strong><\/li><li><strong>1 Chariot Sambron<\/strong><\/li><li><strong>3 Pelles (12 T, 2T5 et 1 T) Komatsu avec 2 BRH<\/strong><\/li><li><strong>1 machine \u00e0 cr\u00e9pir<\/strong><\/li><li><strong>5 B\u00e9tonni\u00e8res thermiques et 3 \u00e9lectriques<\/strong><\/li><li><strong>1 Tron\u00e7onneuse \u00e0 pierre<\/strong><\/li><li><strong>1 plieuse \u00e0 zinc<\/strong><\/li><li><strong>Echafaudages, mat\u00e9riel portatif, petits outillages etc.<\/strong><\/li><\/ul>\t\t\t\t\t\t\t\t<\/div>\n\t\t\t\t<\/div>\n\t\t\t\t<div class=\"elementor-element elementor-element-c638237 elementor-widget elementor-widget-image\" data-id=\"c638237\" data-element_type=\"widget\" data-e-type=\"widget\" data-widget_type=\"image.default\">\n\t\t\t\t<div class=\"elementor-widget-container\">\n\t\t\t\t\t\t\t\t\t\t\t\t\t\t\t<img loading=\"lazy\" decoding=\"async\" width=\"739\" height=\"494\" src=\"https:\/\/laguillon.fr\/siteweb\/wp-content\/uploads\/2024\/01\/Materiel1.jpg\" class=\"attachment-full size-full wp-image-4013\" alt=\"\" srcset=\"https:\/\/laguillon.fr\/siteweb\/wp-content\/uploads\/2024\/01\/Materiel1.jpg 739w, https:\/\/laguillon.fr\/siteweb\/wp-content\/uploads\/2024\/01\/Materiel1-300x201.jpg 300w, https:\/\/laguillon.fr\/siteweb\/wp-content\/uploads\/2024\/01\/Materiel1-327x220.jpg 327w\" sizes=\"(max-width: 739px) 100vw, 739px\" \/>\t\t\t\t\t\t\t\t\t\t\t\t\t\t\t<\/div>\n\t\t\t\t<\/div>\n\t\t\t\t\t<\/div>\n\t\t<\/div>\n\t\t\t\t<div class=\"elementor-column elementor-col-50 elementor-inner-column elementor-element elementor-element-f66ef72\" data-id=\"f66ef72\" data-element_type=\"column\" data-e-type=\"column\">\n\t\t\t<div class=\"elementor-widget-wrap elementor-element-populated\">\n\t\t\t\t\t\t<div class=\"elementor-element elementor-element-d97f83d elementor-widget elementor-widget-image\" data-id=\"d97f83d\" data-element_type=\"widget\" data-e-type=\"widget\" data-widget_type=\"image.default\">\n\t\t\t\t<div class=\"elementor-widget-container\">\n\t\t\t\t\t\t\t\t\t\t\t\t\t\t\t<img loading=\"lazy\" decoding=\"async\" width=\"1707\" height=\"2560\" src=\"https:\/\/laguillon.fr\/siteweb\/wp-content\/uploads\/2023\/12\/Camion-couvreur-1-scaled.jpg\" class=\"attachment-full size-full wp-image-3268\" alt=\"\" srcset=\"https:\/\/laguillon.fr\/siteweb\/wp-content\/uploads\/2023\/12\/Camion-couvreur-1-scaled.jpg 1707w, https:\/\/laguillon.fr\/siteweb\/wp-content\/uploads\/2023\/12\/Camion-couvreur-1-scaled-600x900.jpg 600w, https:\/\/laguillon.fr\/siteweb\/wp-content\/uploads\/2023\/12\/Camion-couvreur-1-200x300.jpg 200w, https:\/\/laguillon.fr\/siteweb\/wp-content\/uploads\/2023\/12\/Camion-couvreur-1-683x1024.jpg 683w, https:\/\/laguillon.fr\/siteweb\/wp-content\/uploads\/2023\/12\/Camion-couvreur-1-768x1152.jpg 768w\" sizes=\"(max-width: 1707px) 100vw, 1707px\" \/>\t\t\t\t\t\t\t\t\t\t\t\t\t\t\t<\/div>\n\t\t\t\t<\/div>\n\t\t\t\t\t<\/div>\n\t\t<\/div>\n\t\t\t\t\t<\/div>\n\t\t<\/section>\n\t\t\t\t\t<\/div>\n\t\t<\/div>\n\t\t\t\t\t<\/div>\n\t\t<\/section>\n\t\t\t\t<\/div>\n\t\t","protected":false},"excerpt":{"rendered":"<p>\u00a0 Nos secteurs d&#8217;activit\u00e9s Nos domaines d\u2019activit\u00e9s vont de la ma\u00e7onnerie traditionnelle \u00e0 la r\u00e9novation du b\u00e2ti ancien en passant par la r\u00e9fection de couverture, le terrassement et l\u2019assainissement individuel. Nous avons \u00e9galement une \u00e9quipe de fa\u00e7adiers sp\u00e9cialis\u00e9e dans les pierres apparentes, pierres vues mais aussi l\u2019enduit dit monocouche pour les constructions neuves. Autre activit\u00e9&#8230;<\/p>\n","protected":false},"author":1,"featured_media":0,"parent":0,"menu_order":0,"comment_status":"closed","ping_status":"closed","template":"template-builder.php","meta":{"_monsterinsights_skip_tracking":false,"_monsterinsights_sitenote_active":false,"_monsterinsights_sitenote_note":"","_monsterinsights_sitenote_category":0,"footnotes":""},"class_list":["post-597","page","type-page","status-publish","hentry"],"aioseo_notices":[],"jetpack_sharing_enabled":true,"_links":{"self":[{"href":"https:\/\/laguillon.fr\/siteweb\/wp-json\/wp\/v2\/pages\/597","targetHints":{"allow":["GET"]}}],"collection":[{"href":"https:\/\/laguillon.fr\/siteweb\/wp-json\/wp\/v2\/pages"}],"about":[{"href":"https:\/\/laguillon.fr\/siteweb\/wp-json\/wp\/v2\/types\/page"}],"author":[{"embeddable":true,"href":"https:\/\/laguillon.fr\/siteweb\/wp-json\/wp\/v2\/users\/1"}],"replies":[{"embeddable":true,"href":"https:\/\/laguillon.fr\/siteweb\/wp-json\/wp\/v2\/comments?post=597"}],"version-history":[{"count":191,"href":"https:\/\/laguillon.fr\/siteweb\/wp-json\/wp\/v2\/pages\/597\/revisions"}],"predecessor-version":[{"id":4220,"href":"https:\/\/laguillon.fr\/siteweb\/wp-json\/wp\/v2\/pages\/597\/revisions\/4220"}],"wp:attachment":[{"href":"https:\/\/laguillon.fr\/siteweb\/wp-json\/wp\/v2\/media?parent=597"}],"curies":[{"name":"wp","href":"https:\/\/api.w.org\/{rel}","templated":true}]}}