{"id":3958,"date":"2024-01-06T21:56:57","date_gmt":"2024-01-06T20:56:57","guid":{"rendered":"https:\/\/laguillon.fr\/siteweb\/?page_id=3958"},"modified":"2024-02-14T09:21:44","modified_gmt":"2024-02-14T08:21:44","slug":"enduits","status":"publish","type":"page","link":"https:\/\/laguillon.fr\/siteweb\/enduits\/","title":{"rendered":"Enduits"},"content":{"rendered":"\t\t<div data-elementor-type=\"wp-page\" data-elementor-id=\"3958\" class=\"elementor elementor-3958\">\n\t\t\t\t\t\t<section class=\"elementor-section elementor-top-section elementor-element elementor-element-594f5c2 elementor-section-boxed elementor-section-height-default elementor-section-height-default\" data-id=\"594f5c2\" data-element_type=\"section\" data-e-type=\"section\">\n\t\t\t\t\t\t<div class=\"elementor-container elementor-column-gap-no\">\n\t\t\t\t\t<div class=\"elementor-column elementor-col-50 elementor-top-column elementor-element elementor-element-abe4b2b\" data-id=\"abe4b2b\" data-element_type=\"column\" data-e-type=\"column\">\n\t\t\t<div class=\"elementor-widget-wrap elementor-element-populated\">\n\t\t\t\t\t\t<div class=\"elementor-element elementor-element-c9b6047 elementor-widget elementor-widget-text-editor\" data-id=\"c9b6047\" data-element_type=\"widget\" data-e-type=\"widget\" data-widget_type=\"text-editor.default\">\n\t\t\t\t<div class=\"elementor-widget-container\">\n\t\t\t\t\t\t\t\t\t<h3 class=\"mt-30\"><strong>Enduits<\/strong><\/h3><p>Il assure la fonction d\u2019\u00e9tanch\u00e9it\u00e9 mais aussi l\u2019esth\u00e9tique finale d\u2019une maison et sa p\u00e9rennit\u00e9 dans le temps.<\/p><p>Nous regroupons l\u2019\u00e9quipe de ma\u00e7onnerie et l\u2019\u00e9quipe de r\u00e9novation pour avoir un effectif allant jusqu\u2019\u00e0 5 personnes et gagner ainsi en efficacit\u00e9 gr\u00e2ce \u00e0 notre projeteuse qui nous permet de travailler dans des conditions optimales.<br \/>Nous travaillons l\u00e0 aussi avec des produits locaux et notamment les chaux de St Astier. Issues d\u2019un calcaire aux propri\u00e9t\u00e9s uniques en Europe, les chaux hydrauliques naturelles de Saint-Astier\u00ae ont des qualit\u00e9s min\u00e9ralogiques exceptionnelles et inchang\u00e9es depuis les d\u00e9buts de l\u2019exploitation de la carri\u00e8re souterraine.<\/p><p>D\u2019autre produit tel que le Tradical PF M de chez Weber pour le b\u00e2ti ancien vient compl\u00e9ter notre gamme.<br \/><br \/>Nous r\u00e9alisons des enduits \u00e0 pierres vues sur les moellons de r\u00e9cup\u00e9ration \u00e0 base de chaux, des enduits type Mono couche finition gratt\u00e9e. C\u2019est un enduit hydraulique, min\u00e9ral, permettant d&#8217;assurer \u00e0 la fois l&#8217;esth\u00e9tique de la fa\u00e7ade et la protection de la ma\u00e7onnerie. L&#8217;enduit monocouche permet donc de d\u00e9corer et d&#8217;imperm\u00e9abiliser les fa\u00e7ades. Nous pouvons faire \u00e9galement du coup\u00e9 truelle \u00e0 la main.<\/p>\t\t\t\t\t\t\t\t<\/div>\n\t\t\t\t<\/div>\n\t\t\t\t\t<\/div>\n\t\t<\/div>\n\t\t\t\t<div class=\"elementor-column elementor-col-50 elementor-top-column elementor-element elementor-element-87adcfc\" data-id=\"87adcfc\" data-element_type=\"column\" data-e-type=\"column\">\n\t\t\t<div class=\"elementor-widget-wrap elementor-element-populated\">\n\t\t\t\t\t\t<div class=\"elementor-element elementor-element-03dfaa9 elementor-widget elementor-widget-rufferimage\" data-id=\"03dfaa9\" data-element_type=\"widget\" data-e-type=\"widget\" data-widget_type=\"rufferimage.default\">\n\t\t\t\t<div class=\"elementor-widget-container\">\n\t\t\t\t\t<!-- Image --><div class=\"custom_css_handelar page-img\"><img decoding=\"async\" class=\"w-100\" src=\"https:\/\/laguillon.fr\/siteweb\/wp-content\/uploads\/2023\/12\/facade-avant-travaux-scaled.jpeg\" alt=\"facade avant travaux scaled\" ><\/div><!-- End Image -->\t\t\t\t<\/div>\n\t\t\t\t<\/div>\n\t\t\t\t<div class=\"elementor-element elementor-element-22b87eb elementor-widget elementor-widget-rufferimage\" data-id=\"22b87eb\" data-element_type=\"widget\" data-e-type=\"widget\" data-widget_type=\"rufferimage.default\">\n\t\t\t\t<div class=\"elementor-widget-container\">\n\t\t\t\t\t<!-- Image --><div class=\"custom_css_handelar page-img\"><img decoding=\"async\" class=\"w-100\" src=\"https:\/\/laguillon.fr\/siteweb\/wp-content\/uploads\/2023\/12\/facade-apres-travaux-scaled.jpeg\" alt=\"facade apres travaux scaled\" ><\/div><!-- End Image -->\t\t\t\t<\/div>\n\t\t\t\t<\/div>\n\t\t\t\t\t<\/div>\n\t\t<\/div>\n\t\t\t\t\t<\/div>\n\t\t<\/section>\n\t\t\t\t<\/div>\n\t\t","protected":false},"excerpt":{"rendered":"<p>Enduits Il assure la fonction d\u2019\u00e9tanch\u00e9it\u00e9 mais aussi l\u2019esth\u00e9tique finale d\u2019une maison et sa p\u00e9rennit\u00e9 dans le temps. Nous regroupons l\u2019\u00e9quipe de ma\u00e7onnerie et l\u2019\u00e9quipe de r\u00e9novation pour avoir un effectif allant jusqu\u2019\u00e0 5 personnes et gagner ainsi en efficacit\u00e9 gr\u00e2ce \u00e0 notre projeteuse qui nous permet de travailler dans des conditions optimales.Nous travaillons l\u00e0&#8230;<\/p>\n","protected":false},"author":1,"featured_media":0,"parent":0,"menu_order":0,"comment_status":"closed","ping_status":"closed","template":"template-builder.php","meta":{"_monsterinsights_skip_tracking":false,"_monsterinsights_sitenote_active":false,"_monsterinsights_sitenote_note":"","_monsterinsights_sitenote_category":0,"footnotes":""},"class_list":["post-3958","page","type-page","status-publish","hentry"],"aioseo_notices":[],"jetpack_sharing_enabled":true,"_links":{"self":[{"href":"https:\/\/laguillon.fr\/siteweb\/wp-json\/wp\/v2\/pages\/3958","targetHints":{"allow":["GET"]}}],"collection":[{"href":"https:\/\/laguillon.fr\/siteweb\/wp-json\/wp\/v2\/pages"}],"about":[{"href":"https:\/\/laguillon.fr\/siteweb\/wp-json\/wp\/v2\/types\/page"}],"author":[{"embeddable":true,"href":"https:\/\/laguillon.fr\/siteweb\/wp-json\/wp\/v2\/users\/1"}],"replies":[{"embeddable":true,"href":"https:\/\/laguillon.fr\/siteweb\/wp-json\/wp\/v2\/comments?post=3958"}],"version-history":[{"count":10,"href":"https:\/\/laguillon.fr\/siteweb\/wp-json\/wp\/v2\/pages\/3958\/revisions"}],"predecessor-version":[{"id":4568,"href":"https:\/\/laguillon.fr\/siteweb\/wp-json\/wp\/v2\/pages\/3958\/revisions\/4568"}],"wp:attachment":[{"href":"https:\/\/laguillon.fr\/siteweb\/wp-json\/wp\/v2\/media?parent=3958"}],"curies":[{"name":"wp","href":"https:\/\/api.w.org\/{rel}","templated":true}]}}